 22*m = -w. What is the greatest common divisor of m and 28?
28
Let b be 16/(-6)*14/(168/(-36)). Calculate the greatest common factor of 22 and b.
2
Suppose 2*h - 3584 = d, -5225 = 5*h + d - 14185. What is the highest common factor of h and 14?
14
Let v be (7 - 4)*185/15. What is the highest common factor of 3 and v?
1
Let d(k) = -k**3 - 13*k**2 - 33*k - 10. Let u be d(-10). What is the greatest common factor of u and 580?
20
Suppose 3*s + 5*b = 7*b + 447, 0 = -2*b - 6. Calculate the highest common factor of s and 98.
49
Let g(t) = -575*t + 10. Let z be g(-1). Calculate the highest common divisor of 45 and z.
45
Let v = -17 - -19. Let g(r) = -6 + 0*r - 3 - v - 3*r. Let i be g(-13). What is the highest common divisor of 168 and i?
28
Let m(q) be the second derivative of 7*q + 0 - 1/4*q**4 - 1/20*q**5 - 4*q**2 - 5/6*q**3. Let f be m(-4). Calculate the greatest common divisor of f and 7.
7
Let r(j) = j**3 - 2*j**2 - 4*j - 3. Suppose -4*m + 4 = -3*m. Let p be r(m). What is the highest common divisor of 26 and p?
13
Suppose 3*o + o + 5*g - 19 = 0, 2*g - 23 = -3*o. What is the greatest common divisor of 319 and o?
11
Let f = -29 + 97. Let a be f/119 - (-34)/14. Suppose -a*p = s + 2*s - 30, 0 = -4*s + 5*p + 40. Calculate the greatest common factor of 10 and s.
10
Let d(v) = v**3 - 7*v**2 + 4*v + 4. Let s be d(6). Let p be (-270)/(-3)*s/(-16). Calculate the highest common divisor of p and 135.
45
Suppose 0 = -4*s - 11 - 5. Let r(v) = -29*v - 8. Let b be r(s). Suppose 5*d = j + b, -4*d - 2*j + 82 = -5*j. What is the highest common factor of 55 and d?
11
Let n = 571 - 508. What is the greatest common factor of n and 7?
7
Let u(v) = v**2 - 5*v - 1. Let r be 40/(-140) + 58/7. Let g be u(r). Let s = -8 + g. Calculate the highest common factor of s and 165.
15
Suppose -11*y - 105 = -18*y. Calculate the highest common factor of y and 15.
15
Let x be (2 + -1 - -1) + (-26 - -33). Let j(h) = 5*h - 8. Suppose -4*p + 0*p + 28 = 0. Let z be j(p). Calculate the greatest common factor of x and z.
9
Let s = 3 - 8. Let j(x) = x**3 + 4*x**2 + x - 6. Let u be j(s). Let k = 60 + u. What is the highest common factor of 96 and k?
24
Suppose -6*q + 145 = -71. Calculate the highest common divisor of q and 162.
18
Let z(u) be the first derivative of -u**2/2 + 29*u - 9. Let h be z(-7). What is the highest common factor of h and 27?
9
Let a = -1088 - -1094. Calculate the greatest common factor of 1074 and a.
6
Suppose -11*j + 38*j - 594 = 0. What is the greatest common divisor of 682 and j?
22
Let h(p) = 4*p**2 + 7*p - 2. Let y be h(-6). Suppose 105*o = 106*o + 5*l - 35, -o - 10 = -4*l. What is the greatest common divisor of o and y?
10
Let b = -128 - -1052. Suppose b = 7*p - 3*p. Let g(x) = 22*x - 1. Let h be g(1). What is the highest common factor of h and p?
21
Suppose 8*o - 3*o = 3*w + 87, 2*w = -8. Calculate the greatest common divisor of o and 60.
15
Let c(v) = v + 11. Let p be c(-8). Suppose -4*f - y - 98 = y, 3*y = p*f + 78. Let a = f + 48. Calculate the greatest common factor of a and 253.
23
Suppose -126 = -20*k + 14*k. Let c = k + 33. What is the greatest common factor of c and 36?
18
Suppose 4*s = -12 + 4. Let g be (-237)/(-12) - 2/16*s. What is the greatest common factor of 180 and g?
20
Let z be 5 + (-4 - -3) - (-7 + -13). What is the highest common factor of z and 300?
12
Let m = -3 - -5. Let v(w) = -42*w + 28. Let r be v(3). Let b be -7*7/(r/44). Calculate the highest common factor of b and m.
2
Suppose -3*u + 25 = 2*u. Suppose -72*f - 64*f + 4760 = 0. What is the greatest common factor of f and u?
5
Let p = -23 - -78. Calculate the highest common factor of 55 and p.
55
Suppose 30 = -605*l + 611*l. Suppose 0 = -p - 4*z + 31, -57 + 20 = -3*p + 2*z. Let w be p/(-6)*(-1 - 1). Calculate the highest common divisor of w and l.
5
Let d(t) = t**3 + 12*t**2 + 12*t + 15. Let z be d(-11). Let s(o) = 2*o + 9. Let c be s(z). What is the greatest common divisor of c and 51?
17
Let r = -149 + 164. Let c be (2/5)/((-2)/(-5)). Suppose 0 = a - 4 - c. Calculate the highest common divisor of r and a.
5
Suppose 2*z + z = 4*a + 114, -3*z = 3*a - 135. Let s(f) = 13*f + 1. Let u be s(1). What is the highest common factor of u and z?
14
Let z(f) = -19*f**3 + 6*f**2 + 4*f - 2. Let p be z(-1). Calculate the greatest common factor of 760 and p.
19
Let t = 387 - 275. What is the greatest common factor of 2 and t?
2
Let m be -691*2/(-26) + 16/(-104). Let k = m - 37. What is the greatest common divisor of k and 2?
2
Let i = -58 + 60. Suppose i*j - 2*k = 20, 2*j = j - k + 2. Let y = 2 + 7. What is the greatest common factor of y and j?
3
Let s be (1 + 1)*(85/5 + -4). Calculate the greatest common divisor of 442 and s.
26
Let m = -71 - -81. Suppose 18*j - 17*j = m. Calculate the greatest common factor of 110 and j.
10
Suppose -4*q - 46 = -4*i + 50, -i - 5*q + 18 = 0. Suppose -972*r + 36179 = -829*r. Calculate the highest common divisor of i and r.
23
Suppose 4*y = -8, 14*a - y = 9*a + 242. What is the highest common divisor of a and 156?
12
Let y = 7 - 4. Let o(f) = -f**2 - 6*f - 4. Let u be o(-4). Let x = y + u. What is the highest common factor of 77 and x?
7
Let f(l) = l + 8. Let v be f(-6). Let c = 206 - 137. Suppose 5*n - c = t, -n - 4*t - 10 = -v*n. Calculate the highest common divisor of 7 and n.
7
Let w = 103 + -91. Let c be w/(-1)*4/(-24)*2. What is the greatest common divisor of c and 32?
4
Let l = 18 + 24. Let o be 61 + ((-5)/((-10)/4) - 0). Suppose -7*q = -10*q + o. Calculate the greatest common divisor of l and q.
21
Let d(c) = -c**2 + 27*c - 59. Let k be d(19). Suppose -13*h + 37 + k = 0. Calculate the greatest common factor of 80 and h.
10
Let r(l) = -l**2 - 54*l - 397. Let a be r(-17). Calculate the greatest common factor of 522 and a.
58
Let p be -4 - (0 + 1*-6). Suppose 0 = p*g - 2*w - 110, -g = w - 58 + 3. What is the highest common factor of 5 and g?
5
Let w(l) = -l**3 - 2*l**2 + 7*l + 9. Let j be w(-3). Let h be (8/j)/((-10)/30). Calculate the greatest common divisor of 12 and h.
4
Let u be -25*(15/(-5) - 0). Let z = -43 + u. What is the highest common factor of z and 8?
8
Suppose -8*k + 7 + 9 = 0. Suppose -k*a + 7 - 1 = 0. Calculate the highest common factor of a and 39.
3
Suppose -17*o + 23*o = 120. What is the greatest common factor of o and 30?
10
Let d(a) = 100*a**2 - 6*a - 10. Let v be d(3). Calculate the highest common factor of v and 109.
109
Let y(b) = 12*b - 3. Let h be y(7). Let s be -2*(324/(-8))/9. Calculate the highest common factor of s and h.
9
Let a = -314 + 353. Calculate the greatest common divisor of a and 624.
39
Suppose -9*k = -5*v - 10*k + 2259, 0 = 5*v - 4*k - 2239. What is the greatest common factor of v and 11?
11
Let a = -164 + 167. Calculate the greatest common divisor of a and 21.
3
Suppose -12 = -2*c + 2*u, 4*c + 5*u - 8 = u. Suppose d - 130 = -2*d + 2*i, c*i = 5*d - 218. Let y be 140/d - 2/6. What is the greatest common factor of 9 and y?
3
Let o be 2/(-6)*(34 - 574). What is the greatest common divisor of 260 and o?
20
Let p(r) = 5*r**2 - 20*r - 33. Let g be p(6). Calculate the greatest common factor of g and 72.
9
Let d = 20 + -54. Let y = 40 + d. Calculate the highest common factor of y and 3.
3
Suppose 2*n = 3*n - 4, -142 = -2*f + 3*n. What is the highest common factor of f and 55?
11
Suppose -20*q - 60 = -22*q. What is the highest common factor of 110 and q?
10
Let j(q) = -3*q**3 - 5*q**2 - 5*q - 6. Let v be j(-3). Suppose -d - 5*p = -30, 0*d - 5*p - v = -4*d. What is the highest common factor of d and 10?
5
Let t = -232 - -270. What is the greatest common divisor of 247 and t?
19
Suppose -4*x + 17 = -d, 5*x - 10 = 3*d + 2*d. Suppose -2*p + d*t - 70 + 321 = 0, p = 3*t + 130. Calculate the highest common divisor of 11 and p.
11
Let p be (1/(-3))/(7*10/(-3150)). Calculate the greatest common divisor of p and 27.
3
Let k = 934 - 913. Let m = -4 + 11. Calculate the greatest common factor of k and m.
7
Let j = 328 + -324. What is the highest common factor of j and 16?
4
Let l be ((-9)/(-1))/(3/4). Suppose 43 = 10*a - 7. Suppose -2*q = 4*r - 44, a = -2*r + 3*r. What is the highest common factor of l and q?
12
Let t(r) = -4*r**2 - 3*r**2 + 40*r + 3 + 9*r**2. Let k be t(-20). Calculate the highest common divisor of 12 and k.
3
Suppose 10 = -